at are the prime factors of l(-15)?
2, 3, 43
Suppose -4327 = -12*a + 51725. What are the prime factors of a?
3, 173
Let l = 14 - 14. Let c(h) = h**2 + 2*h + 2. Let v be c(l). What are the prime factors of 3 - (0 + v + -15)?
2
Let a(y) be the first derivative of -2*y**3/3 + 5*y**2/2 + 3*y + 32. Let t be a(3). Suppose t*v = 3*v - 333. List the prime factors of v.
3, 37
Let u = 47 - 44. Suppose -2*i = -6*i + u*y + 16, 4*i + 2*y - 16 = 0. List the prime factors of (-10*i)/((-3)/6).
2, 5
Suppose -2*m = -q + 4, -m - 14*q + 17*q = 12. Suppose m = 7*y - 13*y + 2298. List the prime factors of y.
383
Suppose 3*u = -i + 25, 5*i = -u + 6*u + 85. Suppose -j - 13 + 9 = 0. Let o = i + j. List the prime factors of o.
3, 5
Suppose -5*w - 2*d = -7*d - 80, d - 40 = -3*w. Let y be w/42 + (-1)/3 + 0. Suppose 3*b + z - 178 = y, 3*b - 2*b + 2*z = 51. What are the prime factors of b?
61
Suppose -5*g + g = -3*t - 26, -4*g + 2*t = -24. Suppose g*q - 5 = 10. Suppose -5*j + 309 = -q*u - 155, 2*j + 5*u = 198. List the prime factors of j.
2, 47
Let i(k) = -k**2 - 3*k + 5. Let u be i(-3). Suppose -1249 - 1556 = -3*m + 3*q, -m - u*q = -929. What are the prime factors of m?
2, 467
Suppose -8978256 = -95*f - 71*f - 2*f. List the prime factors of f.
2, 3, 2969
Let n(g) = -g**2 + 120*g - 132. What are the prime factors of n(56)?
2, 863
Suppose -62*b + 71*b = 70065. List the prime factors of b.
3, 5, 173
Let g be -11 + 1 + 0/(-2). Let n(q) = 2*q**2 + 14*q - 237. Let s be n(8). What are the prime factors of s/(9/12)*(-515)/g?
2, 103
Let g be (-169)/2 - (-18)/12. Let r = g + 205. Let l = -39 + r. What are the prime factors of l?
83
Let y be -2 - 75/(-2)*18/27. Suppose -5*w = -y*w + 9558. What are the prime factors of w?
3, 59
Let f = 29 - 38. Let g(t) = -t**2 - 3*t + 17. Let m be g(f). Let q = m - -112. List the prime factors of q.
3, 5
Let p(t) = 115*t + 3475. List the prime factors of p(123).
2, 5, 881
Let m(r) = 6*r**2 - r + 27. Let h be m(0). Suppose 0 = 26*w - h*w + 194. List the prime factors of w.
2, 97
Let i(p) = 4*p - 36. Let z be i(7). Let m be 6*(28/z + 4). Suppose -399 = -4*l - 3*r, -m*r - r = 12. List the prime factors of l.
2, 3, 17
Let h = 222387 - 136260. List the prime factors of h.
3, 19, 1511
List the prime factors of 11 - 6 - 14 - -150.
3, 47
Let j(g) = 304*g - 138. List the prime factors of j(4).
2, 7, 11
Let y(u) = 71*u**3 - 2*u**2 - 8*u + 37. What are the prime factors of y(4)?
4517
Suppose -5*o + 0*o = -1195. Suppose -139 - o = -3*v. Let r = -70 + v. List the prime factors of r.
2, 7
Let a be (-23)/7 + 3 + 2/7. Suppose -7*c - 312 + 3175 = a. List the prime factors of c.
409
Let o(u) = 2361*u + 577. What are the prime factors of o(6)?
23, 641
Suppose -1 = -u, -o + 4*u = -5*o + 296. Let t = 81 - o. List the prime factors of 27/36 - ((-338)/t + -2).
3, 5
Suppose -2*z + 92 = 78. List the prime factors of ((-2)/4)/((z/556)/(-7)).
2, 139
Suppose 3*y = -u - 2, y - 11 - 11 = u. Let c(g) = 2*g**3 + 37*g**2 + 38*g - 5. List the prime factors of c(u).
2, 3
Let d = 47 - 51. List the prime factors of 23/((-14)/(-91)*(-1)/d).
2, 13, 23
Suppose 2 = 2*h - 0*h. Let m(i) = -8*i**3 + 0*i**2 - 1 - h + 4 - i**2 + 3*i. What are the prime factors of m(-2)?
2, 7
Let b(h) = 198*h + 1538. List the prime factors of b(51).
2, 2909
Suppose -126*u = -1712548 - 6054848. What are the prime factors of u?
2, 13, 2371
List the prime factors of 4*((-174)/(-72) - (-2)/(-3)) + 18050.
3, 13, 463
Suppose 0 = -2*l - 10*l - 108. What are the prime factors of (l/6)/(33/(-10318))?
7, 67
Let u(w) = -18*w + 6. Suppose -4*o = 2*o - 2*o. Suppose g + 4*g - 26 = 3*i, o = -4*i - 2*g. What are the prime factors of u(i)?
2, 3, 7
Let c(b) = 8*b**2 - 28*b - 25. Let h(q) = -4*q**2 + 14*q + 13. Let r(x) = 4*c(x) + 7*h(x). What are the prime factors of r(9)?
3, 7
Suppose 4*r - 47 = -3*z, 12*z = -4*r + 15*z + 17. What are the prime factors of 2 - (-800 - (r + -7))?
11, 73
Suppose 21*k + 1068 + 1683 = 0. Let p = k - -473. List the prime factors of p.
2, 3, 19
Suppose -2*q + 18 = -2*j - q, -q = 0. Let a = j + 13. Suppose 3*k = 0, -3*c + a*k + 413 = 29. List the prime factors of c.
2
Let k be 53/(-2) - 22/(-44). Let q = k - -27. Let a = q + 17. List the prime factors of a.
2, 3
Suppose -w = -2*z + w + 246, z = -5*w + 123. Let y be z/4 + (-9)/12. Suppose -h - 4*o + 69 = -y, 2*h - 176 = 3*o. List the prime factors of h.
7, 13
Let a be (-50)/(-100) - 18318/(-4). Suppose 7*f - 4*f - c - 3428 = 0, -a = -4*f - c. List the prime factors of f.
2, 11, 13
Let k(g) = 213*g**3 - 13*g**2 + 44*g - 3. What are the prime factors of k(4)?
13597
Let s be 12 + (0 - (4 - 4)) + 2. Suppose s = 6*j - 10. Suppose -4*d = j*l + 226 - 1138, 0 = -3*l + 5*d + 668. What are the prime factors of l?
2, 113
Let i(l) = l**3 - 10*l**2 - 23. Let d be i(10). Let y(r) = r**2 - 23*r + 18. What are the prime factors of y(d)?
2, 269
Let z(q) = -658*q**3 + 6*q**2 - 56*q - 312. What are the prime factors of z(-5)?
2, 3, 11, 13
Suppose 3*u - 3 - 7 = -2*f, -5*u = 10. Suppose -f*k - 36 = -2*k. List the prime factors of (k/(-5))/(3 + 1977/(-660)).
2, 3, 11
Suppose 0 = 31*k + 1586 + 739. Let j = 287 - k. List the prime factors of j.
2, 181
Let i be (-1)/(-2)*(7 - -891). Let s = i - 177. Let q = -194 + s. List the prime factors of q.
2, 3, 13
Suppose 0 = h + 4*q - 14, -4*h = -6*h - 4*q + 12. Let f(s) be the first derivative of 12*s**3 - s**2/2 - 2*s - 5. List the prime factors of f(h).
2, 3
Suppose -w - 5 = -0*z + z, 0 = -3*w + z + 5. Suppose w = 2*m + 3*m - 995. Suppose -5*s + 703 - m = 4*b, 2*s - 2*b = 198. What are the prime factors of s?
2, 5
Let s(l) = -82*l + 358. List the prime factors of s(-4).
2, 7
Let w be 60/(-105) - 4/(-7). Suppose w = -0*q - 6*q + 1812. Let d = -136 + q. What are the prime factors of d?
2, 83
Suppose -4*o = m - 22, -18 = -4*m - 0*o - 2*o. Let f be 1/(2/(-240)) - 6/m. Let w = -68 - f. What are the prime factors of w?
5, 11
List the prime factors of 1049000/32 + 10 - (-65)/(-52).
2, 3, 5, 1093
Suppose -4*h + 3*u + 85 = 0, 0*u + 2*u = h - 25. Suppose 0 = -h*z + 623 + 517. List the prime factors of z.
2, 3, 5
Let u be 3*(-1)/(-4) + (-232)/(-32). Suppose -u*o - 1588 = -12*o. What are the prime factors of o?
397
Suppose 4*x - 9 - 7 = 0. Suppose 15*o - 2420 = x*o. What are the prime factors of o?
2, 5, 11
Let v(y) = 155*y**2 - 2*y. Suppose -17 = -6*m - 23. List the prime factors of v(m).
157
Let y = -1363 - -2744. Suppose -d = v - 162 - 110, -5*v + 2*d = -y. List the prime factors of v.
5, 11
Let f be (1 + 1)/(1/11). Let g be 11/f + 25/2 + -2. Let x = g + -2. List the prime factors of x.
3
Suppose -s + k - 329 = -2*k, 4*s + 1346 = 2*k. Let x = 825 - s. List the prime factors of x.
1163
Let p = 9117 + -2884. List the prime factors of p.
23, 271
Let m = -3007 + 2146. Let y = 1401 + m. What are the prime factors of y?
2, 3, 5
Let u = 10795 + 23920. List the prime factors of u.
5, 53, 131
Suppose -2*t = m - 18, 0 = -9*m + 6*m - 3*t + 66. Let y(a) = a**3 - 24*a**2 - 47*a + 20. What are the prime factors of y(m)?
2, 3, 5
Let g = -1203 + 5452. What are the prime factors of g?
7, 607
Let l = -133 + -113. Let a be (-42 - -42) + (-1 - (l + 0)). Let n = a + -107. What are the prime factors of n?
2, 3, 23
Let t = 3152 + -4462. List the prime factors of ((-330)/275)/(1313/t + 1).
2, 131
Suppose -916*x - 917*x + 167890 = -1828*x. What are the prime factors of x?
2, 103, 163
Let f = -10 - -18. Let p be 6/21 - -5*f/(-140). Suppose 0 = -p*j - 3*j + 75. What are the prime factors of j?
5
Suppose -3*j = -3*s - 2*s + 957264, s = 3*j + 191448. List the prime factors of (s/170)/((-3)/(-5)).
1877
Suppose -688788 = -36*c - 21*c - 0*c. List the prime factors of c.
2, 3, 19, 53
Let w(j) = -7*j**3 + 34*j**2 + 17*j + 26. List the prime factors of w(-11).
2, 5, 1327
What are the prime factors of 7 + (767780/9)/5 + 4/18?
13, 101
Let g be (-6)/(-14) - 4514/259. What are the prime factors of g/(153/(-2556)) + (-4)/1?
2, 5, 7
What are the prime factors of ((-983 - -15) + 11)*(-38)/6?
11, 19, 29
Let h be ((-8)/(-6))/((-2)/6). Let j(s) = -s**3 - 2*s + 1. Let l(c) = -4*c**3 + c**2 - 15*c - 1. Let k(w) = 5*j(w) - l(w). List the prime factors of k(h).
2, 17
Suppose 4*y - n = 2168, 3*n + 562 = 5*y - 2148. List the prime factors of y.
2, 271
Let l be (-1 + -7)/2 + 48. Let x(g) =